 what is -105 + -4055?
-4161
In base 5, what is -33 - -101?
13
In base 15, what is 2c345 - 1?
2c344
In base 2, what is -1 - -110110111111001?
110110111111000
In base 9, what is -287 - 22105?
-22403
In base 9, what is 43 + -2078?
-2035
In base 3, what is 1110202 + 121021?
2002000
In base 15, what is -7e0ba + 4?
-7e0b6
In base 4, what is 132200132 - -10?
132200202
In base 15, what is 12d7 - 53?
1284
In base 15, what is -8 + -5be6?
-5bee
In base 15, what is -5 + -677?
-67c
In base 4, what is -201033 - -1132?
-133301
In base 11, what is -328 + -1737?
-1a64
In base 9, what is 158862 - 7?
158854
In base 5, what is 1 - -4222124?
4222130
In base 2, what is -11101010101011 - 100?
-11101010101111
In base 13, what is -709 - 194?
-8a0
In base 14, what is -39b + -84?
-441
In base 7, what is -4045 - -10061?
3013
In base 3, what is 10 - -1022102?
1022112
In base 12, what is 14a32 + 0?
14a32
In base 14, what is -5 + a865c?
a8657
In base 16, what is -49d59b - -1?
-49d59a
In base 11, what is -87 + 4a24?
4948
In base 5, what is 24222333 + 3?
24222341
In base 2, what is -110 - 10100110100010100?
-10100110100011010
In base 12, what is 24582 - a?
24574
In base 5, what is 2 + 20023243?
20023300
In base 8, what is 37070 - 4?
37064
In base 5, what is 1300343 - 4?
1300334
In base 11, what is -825 - -13a?
-696
In base 5, what is 10 + 1030040?
1030100
In base 5, what is -111 + -113141?
-113302
In base 9, what is -84 - -22474?
22380
In base 11, what is 33 + -138670?
-138638
In base 11, what is 334 - -7548?
7881
In base 5, what is 33403440 - 11?
33403424
In base 14, what is 1b76 - 9?
1b6b
In base 7, what is 5 - 203214?
-203206
In base 6, what is -23122 - 223?
-23345
In base 9, what is 113 + 27?
141
In base 4, what is -231 - 331032?
-331323
In base 9, what is -4 + 1560360?
1560355
In base 14, what is 6608 - -4?
660c
In base 4, what is 11212003030 - 0?
11212003030
In base 5, what is 1123231 + 0?
1123231
In base 7, what is 0 + -35344?
-35344
In base 6, what is 3 + 4433?
4440
In base 13, what is 3 - 412a?
-4127
In base 3, what is 12 + -12121110?
-12121021
In base 16, what is -1b + a1?
86
In base 12, what is 38 + 2a97?
2b13
In base 10, what is -2595 + -125?
-2720
In base 13, what is -12 - 1020a?
-1021c
In base 3, what is -22000122220 + 0?
-22000122220
In base 15, what is -3d0 + -17?
-3e7
In base 2, what is 1000000100 + 101100110010?
110100110110
In base 15, what is 3 + -311?
-30d
In base 13, what is 110 + b67?
c77
In base 2, what is -1001010 + -1011101111?
-1100111001
In base 13, what is 9 + 1606?
1612
In base 13, what is -3b0 + -7ca?
-baa
In base 15, what is 8e + -47?
47
In base 9, what is -21 - -64304?
64273
In base 10, what is 215125 - -2?
215127
In base 5, what is -10 + -1313244?
-1313304
In base 4, what is 220221 - 1313?
212302
In base 9, what is 571448 + 12?
571461
In base 6, what is 21 + 14055?
14120
In base 13, what is -7781 + 40?
-7741
In base 7, what is -24331 + 52?
-24246
In base 15, what is 17 - -190c?
1924
In base 15, what is -1017a + -1?
-1017b
In base 9, what is -244 + -11686?
-12041
In base 4, what is 1031110112 + -11?
1031110101
In base 14, what is 1 + -3330a?
-33309
In base 13, what is -1c - -20445?
20426
In base 6, what is 4 - 14424211?
-14424203
In base 2, what is 101011 + 1000111?
1110010
In base 10, what is 83 - -171?
254
In base 13, what is -2 + a4a91?
a4a8c
In base 12, what is 1 - -1620b2?
1620b3
In base 16, what is 3 + 768b?
768e
In base 15, what is -6704 + -1?
-6705
In base 6, what is -1523 - -142?
-1341
In base 9, what is 0 - 3870?
-3870
In base 12, what is -705936 - -1?
-705935
In base 14, what is 64 + -480?
-41a
In base 5, what is 2312144 + -1?
2312143
In base 9, what is -2075 + 40?
-2035
In base 14, what is -1a9 + 1a1b?
1852
In base 4, what is -120112 - 33?
-120211
In base 8, what is 2773331 + 1?
2773332
In base 2, what is -111110 - -1101100111110010?
1101100110110100
In base 8, what is 1 + 13243?
13244
In base 3, what is 12120212 + 12?
12121001
In base 13, what is -159a + 298?
-1302
In base 5, what is -1 - 32103?
-32104
In base 14, what is -6512 - -2?
-6510
In base 6, what is -151322345 - 1?
-151322350
In base 14, what is -5a5b + -2?
-5a5d
In base 8, what is 5 - -132672?
132677
In base 2, what is -111 + -111111001001000?
-111111001001111
In base 13, what is -9024b + 1?
-9024a
In base 6, what is -33132 - 414?
-33550
In base 12, what is -9a83 + 8?
-9a77
In base 3, what is 11 + -100101221?
-100101210
In base 7, what is -22635250 - 3?
-22635253
In base 8, what is 11337 + -4?
11333
In base 6, what is -114105024 + -2?
-114105030
In base 9, what is 16674315 - -2?
16674317
In base 14, what is -5 - -5060?
5059
In base 4, what is 30022 + -323?
23033
In base 2, what is 0 - -1010001001101?
1010001001101
In base 6, what is -330254251 + 1?
-330254250
In base 6, what is -4025031 + -4?
-4025035
In base 15, what is 88 - -4e9?
582
In base 15, what is -19b6 + -14?
-19ca
In base 11, what is 718 - 3237?
-261a
In base 7, what is -461663 - -3?
-461660
In base 5, what is 2210 + -34?
2121
In base 9, what is -2783 - 4?
-2787
In base 2, what is -1100001100 - 1100?
-1100011000
In base 15, what is -ec + -620?
-71c
In base 14, what is 35121a - -1?
35121b
In base 11, what is -102083 + 4?
-10207a
In base 7, what is -30 - 55?
-115
In base 15, what is -21a5 + -1d?
-21c3
In base 14, what is -7c6b - 118?
-7d85
In base 4, what is -111 - 32223?
-33000
In base 9, what is 216 + 87?
314
In base 2, what is 100110001 + -1100001?
11010000
In base 10, what is -805 - 205?
-1010
In base 15, what is -6d5 + -8?
-6dd
In base 13, what is -40311 + 0?
-40311
In base 14, what is -6 + -ac7?
-acd
In base 14, what is -4c5c + -2?
-4c60
In base 2, what is 1 - -1100011111110?
1100011111111
In base 13, what is 15b8 - -40?
1628
In base 13, what is -51 - b1b3?
-b234
In base 13, what is -59 + -14?
-70
In base 5, what is 1232 - 1012112?
-1010330
In base 10, what is 19800 - -3?
19803
In base 16, what is -149 - 1c48?
-1d91
In base 7, what is 244 - 4565?
-4321
In base 16, what is -263d - 8a?
-26c7
In base 10, what is 7 - 47972?
-47965
In base 10, what is -104525 - 2?
-104527
In base 4, what is -101013313 - 22?
-101020001
In base 12, what is -281 - -109b?
a1a
In base 9, what is -132 - 331?
-463
In base 3, what is 20 + 1110000212?
1110001002
In base 10, what is 3 + -13626?
-13623
In base 14, what is -69 - 1a57?
-1ac2
In base 9, what is -1 - 5385?
-5386
In base 2, what is 1 - -101101110010000?
101101110010001
In base 12, what is 8aba + 7?
8b05
In base 4, what is 332303303 + 10?
332303313
In base 3, what is 102 + -21011111200?
-21011111021
In base 6, what is 215 + -4541?
-4322
In base 4, what is -10 + -20313013?
-20313023
In base 11, what is -237 - 80a?
-a46
In base 9, what is 30 - -7581?
7621
In base 6, what is -13450 - -2052?
-11354
In base 2, what is 10001101111000 + 10010?
10001110001010
In base 2, what is 11011001101111 - -11?
11011001110010
In base 13, what is 8 + 83c9?
8404
In base 4, what is 2021002 + 11?
2021013
In base 16, what is -16 + -45f?
-475
In base 6, what is -1041 + -1313?
-2354
In base 3, what is -12100 - 1202010?
-1221110
In base 15, what is 113aa - -3?
113ad
In base 3, what is -20200100122 + 20?
-20200100102
In base 2, what is 110011 + -110111001?
-110000110
In base 9, what is 465 + 18?
484
In base 14, what is -4ccc - -21?
-4cab
In base 16, what is -2 + -c31d?
-c31f
In base 8, what is 54 + -641?
-565
In base 9, what is -221755 - -3?
-221752
In base 13, what is 6 - a0b6?
-a0b0
In base 4, what is 101 - 130122102?
-130122001
In base 13, what is -4ca + 7?
-4c3
In base 15, what is 104 + 105?
209
In base 6, what is 53 + -5001?
-4504
In base 8, what is 450 - 2612?
-2142
In base 7, what is -21 - 653?
-1004
In base 12, what is 241507 + 4?
24150b
In base 8, what is 2251 + 25?
2276
In base 4, what is 0 + -3221233?
-3221233
In base 9, what is 1236532 - 3?
1236528
In base 10, what is 17 + 230?
247
In base 12, what is 20 - 2324?
-2304
In base 14, what is -1 - a7213?
-a7214
In base 3, what is 1 + 22001001?
22001002
In base 10, what is 17132 + -6?
17126
In base 12, what is -5b67 - 3?
-5b6a
In base 12, what is -58 - -4a6?
44a
In base 15, what is -2d - -158?
12a
In base 11, what is -2 + 17996?
17994
In base 4, what is -11 + -30001303?
-30001320
In base 12, what is 521 + -62?
47b
In base 15, what is -1a4 - d13?